n base 16?
-7cf24
Convert -412106 (base 7) to base 8.
-211342
Convert -b712 (base 14) to base 4.
-13231110
-2bc340 (base 13) to base 10
-1083680
110010012101 (base 4) to base 3
100220012220102
What is -1223784 (base 9) in base 13?
-1a3ba8
What is c22767 (base 14) in base 10?
6537671
Convert 100111110010001000100 (base 2) to base 13.
368496
What is 1200111012 (base 3) in base 11?
22a07
What is -128a6 (base 14) in base 6?
-551110
-11001120201 (base 3) to base 12
-3a291
23651161 (base 7) to base 12
85ab97
232104133 (base 6) to base 14
7dd61b
Convert 2512550 (base 13) to base 16.
b0258c
b062c (base 14) to base 10
423792
What is 2c7d62 (base 14) in base 12?
631a96
-148c7 (base 16) to base 10
-84167
Convert 431162 (base 9) to base 10.
256745
883166 (base 12) to base 13
5a907b
What is cefc2 (base 16) in base 9?
1531871
28ee0 (base 15) to base 8
401032
Convert -12211211012221 (base 3) to base 2.
-1011110110011001111101
2500256 (base 8) to base 10
688302
What is 5aa20 (base 13) in base 12?
80423
-16e6a3 (base 15) to base 16
-10f746
Convert -72268a (base 11) to base 9.
-2157347
What is -d32a41 (base 14) in base 13?
-1621357
What is 2152225 (base 6) in base 11?
74233
1660424 (base 10) to base 2
110010101011000001000
101011110101000001000110 (base 2) to base 3
210121201102111
Convert -141b31 (base 16) to base 15.
-1b0656
-82962 (base 14) to base 11
-1a5460
Convert -33c4c (base 14) to base 5.
-13012100
What is -343908 (base 12) in base 15?
-117a38
1b32762 (base 12) to base 16
5858ba
Convert 200222 (base 9) to base 11.
80958
Convert 100001011100111100010 (base 2) to base 10.
1096162
Convert -9751 (base 10) to base 4.
-2120113
What is -5ab8d (base 16) in base 8?
-1325615
What is -154134422 (base 6) in base 9?
-6146355
1022001012120 (base 3) to base 4
2220121320
6496044 (base 10) to base 6
351122140
-2112021310 (base 4) to base 8
-2261164
Convert -22310023231 (base 4) to base 2.
-1010110100001011101101
Convert -40522545 (base 6) to base 16.
-11ba81
What is -13103212 (base 5) in base 7?
-1043542
Convert b04c5 (base 14) to base 2.
1100111011001101101
What is 404662 (base 8) in base 16?
209b2
What is -225716 (base 8) in base 6?
-1351154
What is 7e16 (base 15) in base 3?
1100202110
What is 1241223301 (base 5) in base 11?
180796a
What is -110111000000101111010 (base 2) in base 11?
-1021374
-100110110110011010 (base 2) to base 10
-159130
Convert -45206 (base 9) to base 3.
-1112020020
21001032 (base 4) to base 2
1001000001001110
Convert 21168 (base 13) to base 8.
164266
What is 87640 (base 10) in base 6?
1513424
23023 (base 13) to base 4
33203332
Convert -4576563 (base 8) to base 16.
-12fd73
Convert 21200330323 (base 4) to base 14.
48cdbd
-3122202321 (base 4) to base 12
-372049
1110010210022 (base 3) to base 4
2330011133
11000010000111111 (base 2) to base 10
99391
Convert 7b8b5 (base 15) to base 6.
12233342
Convert 10020200222022 (base 3) to base 6.
100555525
Convert 11012122102000 (base 3) to base 5.
1033034434
What is 9fa93 (base 16) in base 12?
276557
Convert -9300f (base 16) to base 5.
-123232002
What is -10cbcb (base 13) in base 11?
-253319
-10bca4 (base 16) to base 7
-12215603
What is -53ca1c (base 13) in base 4?
-13201000303
What is 21201034 (base 5) in base 16?
2b85d
-c857b (base 13) to base 16
-58327
1033397 (base 10) to base 7
11532551
-1a286b (base 15) to base 11
-7a0423
Convert -224544 (base 6) to base 5.
-1103331
What is -7542521 (base 8) in base 4?
-13230111101
Convert 6701 (base 13) to base 2.
11100000011110
Convert 1717837 (base 9) to base 2.
11101001101011001010
What is 64066 (base 8) in base 15?
7d88
Convert 10001101011110010010 (base 2) to base 13.
1739ac
What is 1412203134 (base 5) in base 6?
205501141
Convert -11101110100100011111 (base 2) to base 16.
-ee91f
-11101000011000111000 (base 2) to base 16
-e8638
What is -768e6 (base 15) in base 12?
-161b69
Convert -5b26bb (base 12) to base 13.
-3c91ca
-2171131 (base 8) to base 10
-586329
Convert -34522 (base 12) to base 8.
-210352
What is 14fd39 (base 16) in base 12?
564049
What is -8431 (base 14) in base 15?
-6b39
Convert -211012212110121 (base 3) to base 13.
-25a5330
Convert 110213311 (base 5) to base 8.
1641661
-12532023 (base 7) to base 6
-40355410
-1003222311 (base 4) to base 16
-43ab5
Convert 88287 (base 11) to base 2.
11111010001110001
-4382a (base 13) to base 12
-5a893
10101221110002 (base 3) to base 2
110111001110100101000
What is -1b10b4 (base 15) in base 9?
-2431367
What is -4412 (base 11) in base 14?
-219b
d6934c (base 15) to base 13
21649c5
What is 20414000 (base 5) in base 6?
3350243
-552163 (base 9) to base 14
-881c2
-1241562 (base 7) to base 9
-265473
-1413006 (base 7) to base 9
-316276
Convert 1571a (base 14) to base 13.
1b49b
Convert -241342003 (base 5) to base 10.
-1121503
What is -3231320221 (base 4) in base 10?
-974377
161393 (base 12) to base 2
1011011101011011111
Convert 130660 (base 7) to base 16.
5f1a
Convert 10362203 (base 8) to base 14.
41b683
Convert -32144515 (base 6) to base 8.
-3471677
What is -24534415 (base 6) in base 15?
-109258
Convert 67b1b (base 15) to base 14.
88308
What is -1a0943 (base 13) in base 6?
-22040303
Convert -31353202 (base 8) to base 15.
-8bc76a
-79a6c8 (base 15) to base 9
-11830058
Convert 362302 (base 9) to base 7.
1566125
What is -8a85 (base 12) in base 8?
-36005
What is -1285c (base 13) in base 7?
-202150
Convert -1008198 (base 13) to base 10.
-4844679
Convert -215321343 (base 6) to base 15.
-520299
Convert 2056a9 (base 13) to base 4.
2320100210
Convert 106b9b (base 15) to base 7.
6435413
What is 432b (base 13) in base 4?
2101310
-6431424 (base 7) to base 2
-10111110101001010010
426644 (base 7) to base 8
221256
Convert -1104145 (base 6) to base 3.
-2210221102
What is 120220112211221 (base 3) in base 12?
29b8a14
1230120444 (base 5) to base 8
13257101
11012201130 (base 4) to base 6
44355500
112001012 (base 3) to base 9
15035
What is -1340221133 (base 5) in base 6?
-201501504
Convert -21131355 (base 6) to base 4.
-2113000313
Convert 1c234b (base 13) to base 16.
af88d
Convert 334631 (base 10) to base 3.
122000000202
Convert 1036300 (base 7) to base 9.
213254
778ca (base 14) to base 6
10113550
What is -31224330 (base 6) in base 3?
-1201000020200
-24333 (base 7) to base 16
-18c9
Convert -7541520 (base 9) to base 4.
-33122333220
What is -740755 (base 8) in base 16?
-3c1ed
-69fae (base 16) to base 13
-12277b
What is 226743 (base 10) in base 16?
375b7
Convert 56732a (base 11) to base 12.
376565
-70222 (base 9) to base 5
-2433414
What is 111313442 (base 5) in base 4?
1320310120
What is -32101032113 (base 4) in base 16?
-391397
-11430 (base 16) to base 13
-2624a
7b8063 (base 16) to base 14
11098c3
10100000011000100111 (base 2) to base 3
1020101010221
Convert -31103 (base 11) to base 5.
-2423003
-81bc (base 14) to base 5
-1203224
-505671 (base 9) to base 5
-34040230
Convert -100010001001100111 (base 2) to base 9.
-232781
What is -1613744 (base 11) in base 9?
-5162383
Convert -b6b2c (base 14) to base 7.
-3515255
What is -100101100100000111000 (base 2) in base 9?
-2275431
-1350425 (base 7) to base 13
-640a6
132112210 (base 4) to base 10
124324
What is -11100110101101010 (base 2) in base 3?
-20000000220
1010000101001001010111 (base 2) to base 10
2642519
What is -331624 (base 8) in base 16?
-1b394
Convert 5aa39 (base 14) to base 7.
1611602
Convert -133101130022 (base 4) to base 5.
-4044313043
Convert -3074404 (base 8) to base 7.
-6643061
What is 100011110002122 (base 3) in base 13?
1016b85
Convert 142837 (base 12) to base 7.
2600560
-2ab319 (base 15) to base 5
-1012002244
What is -c86ff (base 16) in base 2?
-11001000011011111111
-1231121 (base 4) to base 2
-1101101011001
What is -30839 (base 12) in base 3?
-10012222100
4472866 (base 12) to base 5
11322322402
Convert 8ed068 (base 16) to base 8.
43550150
-501ad (base 14) to base 3
-100202222000
231024 (base 5) to base 10
8264
163102 (base 7) to base 12
16831
42526432 (base 8) to base 10
9088282
-351511 (base 6) to base 12
-15597
-56670 (base 11) to base 7
-461023
Convert 2010210202010 (base 3) to base 5.
242402113
Convert -881a7a (base 14) to base 12.
-1666690
-31131535 (base 6) to base 5
-212223142
3604441 (base 9) to base 8
7344226
Convert 9dad28 (base 14) to base 12.
196b674
What is -1d415 (base 14) in base